4 and 135125313.
237
What is the greatest common divisor of 1236 and 125394672?
1236
What is the greatest common divisor of 198159 and 2769?
39
What is the highest common factor of 2874041 and 753889?
2573
What is the highest common divisor of 3249269 and 7490?
107
Calculate the highest common factor of 496014919 and 983.
983
What is the highest common divisor of 13529 and 4632479?
83
Calculate the greatest common factor of 6112881 and 234987.
3219
What is the greatest common factor of 20 and 4442460?
20
What is the greatest common divisor of 28130 and 150253?
97
Calculate the highest common divisor of 173026 and 204442.
238
Calculate the greatest common divisor of 3317 and 237863.
31
Calculate the greatest common factor of 1139 and 49336924.
1139
What is the greatest common factor of 384441312 and 144?
48
What is the greatest common factor of 1809181 and 407?
11
Calculate the greatest common divisor of 4980660 and 5700.
1140
Calculate the greatest common divisor of 65020240 and 34.
34
What is the highest common divisor of 717596 and 337084?
2068
What is the greatest common factor of 1319328 and 22396?
2036
What is the highest common factor of 2646 and 4777854?
6
What is the highest common divisor of 1020180 and 2730?
210
Calculate the greatest common factor of 19747000 and 456.
8
Calculate the highest common factor of 610814860 and 40.
20
What is the highest common divisor of 5770760 and 89?
89
Calculate the highest common factor of 3597498 and 109143.
603
Calculate the highest common divisor of 8880 and 724830.
1110
Calculate the highest common divisor of 761 and 3280483033.
761
What is the highest common factor of 146 and 13907741?
73
Calculate the highest common divisor of 106 and 10754.
2
What is the greatest common factor of 49966 and 47782602?
1162
Calculate the greatest common divisor of 472598 and 343.
7
Calculate the greatest common factor of 131292095 and 2980.
745
Calculate the greatest common divisor of 894 and 1594025244.
894
What is the greatest common factor of 6921 and 16780349?
769
Calculate the highest common factor of 94729 and 172.
43
Calculate the greatest common factor of 525852 and 6850656.
972
What is the highest common divisor of 2925266 and 622?
622
Calculate the greatest common factor of 288 and 2575968.
96
What is the greatest common divisor of 3 and 13756329?
3
Calculate the greatest common factor of 105242 and 68074.
202
What is the highest common factor of 2694 and 8891098?
898
What is the greatest common divisor of 25 and 2482394300?
25
What is the highest common factor of 10 and 8400605?
5
Calculate the greatest common divisor of 87 and 321393747.
87
What is the highest common divisor of 16 and 2476959952?
16
Calculate the highest common factor of 171 and 23737669.
19
What is the greatest common divisor of 23954 and 43036?
406
Calculate the highest common factor of 9487800 and 201804.
3012
Calculate the greatest common divisor of 271700 and 369759.
247
Calculate the highest common divisor of 139625 and 115051.
1117
Calculate the highest common factor of 2660402 and 1102.
58
What is the greatest common divisor of 3520 and 3128048?
176
What is the highest common factor of 57317 and 11479?
13
What is the greatest common factor of 8759487 and 14487?
33
Calculate the highest common factor of 990 and 27219555.
495
Calculate the greatest common factor of 1682826 and 16506.
786
Calculate the greatest common divisor of 494 and 11293087.
247
Calculate the greatest common factor of 1156 and 177654369.
289
Calculate the highest common divisor of 13228465 and 6460.
1615
Calculate the greatest common factor of 8213187 and 35511.
5073
Calculate the highest common divisor of 235 and 256495.
5
Calculate the highest common factor of 4368 and 321312.
48
What is the highest common divisor of 6795 and 44868140?
755
Calculate the greatest common divisor of 24475 and 42383.
11
Calculate the highest common divisor of 39415376 and 1092.
364
Calculate the greatest common divisor of 68 and 7962460.
68
Calculate the greatest common divisor of 5029 and 547733.
107
Calculate the greatest common factor of 78 and 1706757.
39
What is the highest common divisor of 5633433 and 473213?
1157
What is the greatest common factor of 163401 and 595623?
5271
Calculate the highest common divisor of 446 and 11907754.
446
What is the highest common factor of 3054 and 99462?
6
Calculate the highest common divisor of 20313 and 2047950.
333
Calculate the highest common divisor of 81958760 and 2493.
277
Calculate the highest common divisor of 35744868 and 27.
27
Calculate the highest common divisor of 2280 and 5231080.
760
Calculate the greatest common factor of 14018058 and 30.
6
Calculate the highest common divisor of 19925609 and 5379.
1793
Calculate the greatest common factor of 7 and 61786.
1
What is the greatest common divisor of 149488 and 40112?
16
What is the greatest common factor of 324 and 4926864?
12
What is the highest common divisor of 364 and 41391?
7
What is the greatest common divisor of 25905 and 103463?
157
What is the highest common divisor of 5928 and 1208?
8
What is the highest common divisor of 880 and 6102448?
176
Calculate the highest common divisor of 10938228 and 135142.
2758
What is the greatest common factor of 49276104 and 166?
166
Calculate the greatest common divisor of 24300 and 15231600.
900
What is the highest common factor of 1442 and 8330228?
206
What is the highest common divisor of 9130070 and 2242?
38
What is the highest common divisor of 10650 and 222921540?
2130
What is the highest common divisor of 1319648 and 521939?
253
Calculate the highest common factor of 17090862 and 498.
498
What is the highest common divisor of 1302 and 46849866?
1302
Calculate the highest common factor of 80 and 36019120.
80
Calculate the greatest common divisor of 710 and 51537835.
355
Calculate the highest common divisor of 10636 and 1090559601.
2659
What is the greatest common divisor of 18830 and 273140?
70
Calculate the highest common factor of 38012 and 748.
68
Calculate the greatest common divisor of 13272 and 1224816.
1896
What is the highest common factor of 443786 and 784?
14
Calculate the greatest common divisor of 73573 and 60909715.
1247
Calculate the greatest common factor of 319879380 and 90.
30
Calculate the greatest common factor of 2496655 and 315.
35
What is the greatest common factor of 1972057 and 472796?
6221
Calculate the highest common divisor of 51750895 and 393.
131
Calculate the greatest common divisor of 442465335 and 20601.
2943
What is the highest common divisor of 156325018 and 916?
458
Calculate the greatest common factor of 30015079 and 5757.
1919
What is the highest common divisor of 64130340 and 2676?
2676
Calculate the highest common factor of 14671865 and 169.
13
What is the highest common divisor of 12313091 and 2167?
197
Calculate the highest common factor of 29160 and 1380780.
540
What is the greatest common factor of 2427 and 14150219?
809
Calculate the highest common factor of 40052234 and 61.
61
What is the greatest common factor of 8748189 and 20577?
57
Calculate the greatest common divisor of 2443 and 357686.
7
What is the greatest common divisor of 588 and 3145996?
196
What is the highest common divisor of 2193982 and 5524718?
4678
Calculate the highest common factor of 74042216 and 2967.
43
What is the greatest common divisor of 3644 and 989620?
4
What is the highest common divisor of 105 and 3483123?
21
What is the greatest common divisor of 33932201 and 4827?
1609
Calculate the greatest common factor of 450642 and 2525613.
3363
Calculate the highest common factor of 13166 and 1589.
227
Calculate the greatest common divisor of 48450 and 70870.
190
Calculate the highest common factor of 1780375086 and 378.
378
Calculate the highest common factor of 18336618 and 486.
162
What is the greatest common divisor of 29535919 and 14?
7
What is the highest common factor of 85 and 3034915?
5
What is the greatest common factor of 15032 and 1242019?
1879
What is the highest common factor of 41 and 36214439?
41
Calculate the highest common factor of 1123002 and 954.
18
What is the greatest common factor of 1799891 and 1333?
31
What is the greatest common divisor of 627 and 3125639?
11
Calculate the grea